 3701452946?
2, 47, 131, 300589
What are the prime factors of 39855196?
2, 109, 91411
List the prime factors of 342193311.
3, 38021479
What are the prime factors of 65000515?
5, 109, 119267
List the prime factors of 342498864.
2, 3, 17, 19, 22091
What are the prime factors of 56107194?
2, 3, 11, 13, 65393
What are the prime factors of 6540883162?
2, 11, 37, 8035483
List the prime factors of 1433678644.
2, 358419661
What are the prime factors of 310829339?
310829339
List the prime factors of 82940396.
2, 7, 11, 19, 14173
What are the prime factors of 437082064?
2, 23, 1187723
List the prime factors of 4136603907.
3, 9343, 147583
What are the prime factors of 5040718?
2, 43, 58613
What are the prime factors of 866349337?
7, 43, 1489, 1933
List the prime factors of 125424509.
7, 131, 136777
List the prime factors of 145789911.
3, 47, 523, 659
What are the prime factors of 174777748?
2, 17, 83, 173, 179
List the prime factors of 36775780.
2, 5, 37, 49697
What are the prime factors of 699287312?
2, 1531, 28547
List the prime factors of 385237141.
19, 571, 35509
What are the prime factors of 323913927?
3, 487, 221707
List the prime factors of 1483289822.
2, 7, 2707, 39139
What are the prime factors of 701329836?
2, 3, 653, 89501
List the prime factors of 142186292.
2, 35546573
What are the prime factors of 21141048?
2, 3, 23, 38299
What are the prime factors of 92444269?
157, 599, 983
List the prime factors of 96960425.
5, 73, 53129
List the prime factors of 175833348.
2, 3, 73, 200723
List the prime factors of 5536931387.
13, 41, 61, 170299
List the prime factors of 40988906.
2, 7, 2927779
What are the prime factors of 586245355?
5, 117249071
What are the prime factors of 3063855947?
2677, 1144511
List the prime factors of 283757530.
2, 5, 7, 239, 2423
List the prime factors of 287935534.
2, 143967767
List the prime factors of 205124374.
2, 7, 13, 37, 83, 367
List the prime factors of 1684025299.
11, 153093209
What are the prime factors of 1318755802?
2, 7, 13, 29, 249859
What are the prime factors of 4309475475?
3, 5, 251, 228923
List the prime factors of 36826868.
2, 13, 29, 24421
What are the prime factors of 209499805?
5, 3613, 11597
List the prime factors of 282769173.
3, 967, 32491
List the prime factors of 5536493775.
3, 5, 911357
What are the prime factors of 58372699?
7, 11, 68917
What are the prime factors of 846517202?
2, 423258601
What are the prime factors of 1095832192?
2, 7, 13, 94079
List the prime factors of 432352748.
2, 197, 548671
What are the prime factors of 260572286?
2, 13, 10022011
What are the prime factors of 1358084856?
2, 3, 56586869
List the prime factors of 515910551.
13, 29, 1368463
What are the prime factors of 108303749?
73, 929, 1597
List the prime factors of 2635269883.
37117, 70999
List the prime factors of 685774773.
3, 76197197
What are the prime factors of 7277273?
641, 11353
List the prime factors of 12342189.
3, 41, 100343
List the prime factors of 297947868.
2, 3, 79, 467, 673
List the prime factors of 176530238.
2, 173, 510203
What are the prime factors of 4883884721?
197, 24791293
List the prime factors of 11787117.
3, 43, 91373
What are the prime factors of 1542967297?
1542967297
What are the prime factors of 1081466715?
3, 5, 7, 10299683
List the prime factors of 1496459310.
2, 3, 5, 49881977
What are the prime factors of 161561981?
7, 1181, 19543
List the prime factors of 513032582.
2, 1907, 134513
What are the prime factors of 405263962?
2, 109, 1859009
List the prime factors of 58545126.
2, 3, 97, 11177
List the prime factors of 49610281.
7, 719, 9857
List the prime factors of 106035830.
2, 5, 10603583
List the prime factors of 71810707.
53, 547, 2477
What are the prime factors of 2444605866?
2, 3, 29, 61, 157, 163
What are the prime factors of 2073416273?
2027, 1022899
List the prime factors of 418749819.
3, 727, 191999
List the prime factors of 118935250.
2, 5, 7, 19, 73
What are the prime factors of 1111733851?
13763, 80777
List the prime factors of 23854038.
2, 3, 13, 305821
List the prime factors of 177631064.
2, 13, 59, 28949
What are the prime factors of 42195927?
3, 14065309
What are the prime factors of 601650437?
601650437
List the prime factors of 79327377.
3, 71, 41381
What are the prime factors of 442602550?
2, 5, 13, 52379
List the prime factors of 100497334.
2, 7, 1025483
What are the prime factors of 165992312?
2, 20749039
List the prime factors of 2464302290.
2, 5, 246430229
What are the prime factors of 1002582041?
883, 1135427
What are the prime factors of 1102084826?
2, 1789, 308017
List the prime factors of 737065084.
2, 7, 23, 1144511
List the prime factors of 16404722.
2, 431, 19031
List the prime factors of 3044819595.
3, 5, 17, 11940469
List the prime factors of 1235528785.
5, 257, 509, 1889
List the prime factors of 66812591.
79, 845729
List the prime factors of 23357562.
2, 3, 131, 29717
List the prime factors of 1081337725.
5, 13, 3327193
List the prime factors of 18824330.
2, 5, 7, 41, 937
List the prime factors of 460802915.
5, 19, 4850557
List the prime factors of 31032287.
11, 13, 16693
List the prime factors of 10427961.
3, 373, 9319
List the prime factors of 568370338.
2, 113, 593, 4241
What are the prime factors of 30740439?
3, 10246813
List the prime factors of 58766038.
2, 41, 716659
What are the prime factors of 44194793?
44194793
What are the prime factors of 802700778?
2, 3, 11, 12162133
What are the prime factors of 81473152?
2, 487, 1307
What are the prime factors of 32580856?
2, 7, 11, 227, 233
List the prime factors of 3593530.
2, 5, 359353
What are the prime factors of 91439153?
13, 19, 370199
What are the prime factors of 33397957?
33397957
List the prime factors of 97006120.
2, 5, 47, 51599
What are the prime factors of 645674277?
3, 479, 449321
List the prime factors of 3872863100.
2, 5, 19, 151, 13499
List the prime factors of 6399781.
727, 8803
List the prime factors of 592067266.
2, 7, 37, 211, 5417
What are the prime factors of 359875406?
2, 11, 53, 308641
List the prime factors of 189195048.
2, 3, 7, 157, 797
List the prime factors of 325289506.
2, 23, 131, 2347
What are the prime factors of 258297934?
2, 127, 1016921
What are the prime factors of 1215578466?
2, 3, 19, 157, 22639
List the prime factors of 711285134.
2, 7, 17, 929, 3217
What are the prime factors of 47554512?
2, 3, 990719
What are the prime factors of 25359127?
1451, 17477
What are the prime factors of 5656716345?
3, 5, 7, 73, 569, 1297
What are the prime factors of 2240891170?
2, 5, 7, 167, 191693
List the prime factors of 359285440.
2, 5, 19, 59093
What are the prime factors of 9297115?
5, 79, 23537
List the prime factors of 4200741.
3, 59, 293
What are the prime factors of 2075966?
2, 1037983
List the prime factors of 223063432.
2, 53, 173, 3041
What are the prime factors of 456388921?
29, 613, 25673
List the prime factors of 151953690.
2, 3, 5, 7, 723589
What are the prime factors of 4812466?
2, 2406233
List the prime factors of 234774087.
3, 23, 3402523
List the prime factors of 629781020.
2, 5, 11, 2862641
List the prime factors of 7472892795.
3, 5, 498192853
What are the prime factors of 302899225?
5, 12115969
List the prime factors of 1656108435.
3, 5, 110407229
What are the prime factors of 53462065?
5, 79, 135347
List the prime factors of 60603839.
60603839
What are the prime factors of 2695968231?
3, 11, 81696007
List the prime factors of 141188986.
2, 3191, 22123
List the prime factors of 24639113.
24639113
List the prime factors of 502590358.
2, 29, 1433, 6047
What are the prime factors of 397342653?
3, 47, 2818033
What are the prime factors of 70283257?
11, 6389387
List the prime factors of 5647382.
2, 13, 217207
List the prime factors of 15738503.
11, 29, 103, 479
List the prime factors of 306065297.
17, 18003841
What are the prime factors of 564571511?
7, 2837, 28429
What are the prime factors of 2915418913?
11, 265038083
List the prime factors of 53430427.
53430427
What are the prime factors of 5178793910?
2, 5, 199, 419, 6211
What are the prime factors of 57326434?
2, 11, 2605747
List the prime factors of 108484421.
59, 1838719
List the prime factors of 5473280.
2, 5, 1069
What are the prime factors of 2180581949?
7, 13, 19, 29, 157, 277
List the prime factor